(-8). Let q(z) be the first derivative of -z**4/2 + 5*z**2/2 - 2*z + 2. Give q(h).
-41
Let j be ((-4)/(-14))/(6/1113). Suppose j*h = -162 - 474. Let n(v) = -v**3 - 13*v**2 - 13*v + 2. What is n(h)?
14
Let j(s) = -1 + 34*s**2 - 10 - 38*s - 37*s - 36*s**2 + 88*s - 30*s. Let f = -9 - -1. What is j(f)?
-3
Let i(p) be the first derivative of -p**4/4 - 7*p**3/3 - 7*p**2/2 + 78. Let l = 11 + -6. Suppose 4*b - 4*o = -40, -l*o + 15 = -4*b - 29. Calculate i(b).
6
Suppose -3*k + 0*k - 5*n - 19 = 0, 4*k + n = -31. Let p be (k*2)/(-4) + -1. Let y(z) = 7*z**2 - 2 - 4*z - 13*z**3 + 26*z**p - 14*z**3. What is y(6)?
10
Let h(z) be the third derivative of 13*z**4/8 - 5*z**3/3 - 1745*z**2. What is h(3)?
107
Let c(b) = -b**3 - 10*b**2 - 7. Let s(q) = 68*q - 18. Let u be s(4). Suppose x + u = 244. Calculate c(x).
-7
Let k(c) = 4*c - 170. Let u be k(43). Let r(i) = 11*i**u - i**3 - i**2 - 2750 + 2747. What is r(10)?
-3
Let k(j) = 4*j**2 - 3*j + 1. Let o be 21/((-12)/(-4))*(-4)/14. Let m be 1/((4 - 3) + 1/o). Calculate k(m).
11
Let y(t) = 2702 - 1442 - 30*t - 1639 + t**2. What is y(-10)?
21
Let s = 14 - 38. Let m = 35 + s. Let o = 13 - m. Let c(a) = a**3 + a**2 + 2*a. Give c(o).
16
Let g(n) = -3*n. Let q(z) = z**3 - 12*z**2 + 13*z - 20. Let x(b) = b**2 + 2*b + 3. Suppose 0*t = -2*t + 4. Let k be x(t). Let s be q(k). What is g(s)?
-6
Let a(z) = -7*z**2 + z - 2. Let x(y) = -3*y**2 - 1. Let c(t) = -2*a(t) + 5*x(t). Suppose -32*p + 10*p + 31*p + 11*p = 0. Give c(p).
-1
Let s(a) = 48*a - 864. Let b(t) = -7*t + 128. Let l(n) = -27*b(n) - 4*s(n). What is l(-1)?
3
Let y(d) be the second derivative of -d**5/4 + d**4/6 - d**2/2 - 1611*d. Determine y(-1).
6
Let y(u) be the third derivative of -u**5/30 - 25*u**4/24 - 7*u**3/3 + 985*u**2. Calculate y(-12).
-2
Let a(v) = 8*v**2 + 4*v - 7. Let z = -2187 - -2190. Calculate a(z).
77
Let x(q) be the second derivative of 3*q**5/20 - q**4/3 + q**3/2 - 7*q**2/2 - 30*q - 12. What is x(3)?
47
Let t be -1 + -7 + (0 - -2). Let s(q) = 1. Let k(x) be the first derivative of x**2/2 + x + 148. Let r(b) = 3*k(b) + 3*s(b). What is r(t)?
-12
Let i(y) be the second derivative of 1/2*y**3 + 1/12*y**4 + 9 - y + 1/2*y**2. Determine i(-2).
-1
Let n(u) = 2*u**2 - 2*u**3 + 2*u**2 + 16 + u - 18 - 11*u**2 + 6*u**2. Determine n(-2).
8
Let x(m) be the first derivative of m**2/2 + 2. Let a = 50 - 31. Suppose 13*w - a*w - 18 = 0. What is x(w)?
-3
Let s(v) = -v**3 + 26*v**2 + 58*v - 54. Let p be s(28). Let j(l) = -3*l**3 + 2*l**3 + l**2 + 5*l**2 - 13*l**p. Determine j(-7).
0
Let h(l) be the second derivative of l**5/60 - 5*l**4/12 + l**3/3 - 17*l**2 + 62*l. Let v(d) be the first derivative of h(d). What is v(9)?
-7
Suppose -12*j + 75 = 15. Suppose -4*i + 252 = j*t - 2*t, 0 = 4*t + 3*i - 329. Let z = t - 76. Let m(b) = b**3 - 4*b**2 - 3*b - 5. Give m(z).
-17
Let b(u) be the third derivative of -7*u**2 + 0 + 1/2*u**3 - 1/8*u**4 + 0*u. Let x = 53 + -47. Give b(x).
-15
Suppose 0 = s - 2*s + 2. Let k be 3/((-6)/(-4))*s. Let i(l) = -l - 6. Let p(x) = 3*x + 13. Let z(a) = 2*i(a) + p(a). Determine z(k).
5
Suppose 0 = -6*q - 26*q + 64. Let w be (2/q)/((-20)/80). Let n(s) be the third derivative of s**6/120 + s**5/15 - s**4/24 + s**3/3 - s**2. Calculate n(w).
6
Let c = -31 - -49. Let w = c + -6. Let h be (-2 + (-12)/(-8))/(2/w). Let q(g) = g**2 + g + 3. Give q(h).
9
Let h(l) = -l**2 - 7*l + 4. Suppose -38 + 143 = 21*m. Suppose m*g - 4*p + 30 = -3*p, 0 = -2*p - 10. Determine h(g).
4
Let w(y) = -58*y + 3. Suppose 140*i - 108*i = 32. Calculate w(i).
-55
Let s = 3 + 1. Let t(l) = -s + 2 + 3*l - 5*l. Let w(x) = -x**2 - 52*x - 318. Let b be w(-45). What is t(b)?
4
Let p(c) = -c + 11. Let s be p(16). Let n(y) = y**2 + 5*y - 7. Let z be n(s). Let f be (z/2 - -2)*16/(-6). Let x(t) = t**3 - 5*t**2 + 3*t - 1. Determine x(f).
-5
Let j(v) be the first derivative of v**4/4 - 8*v**3 + v**2 - 54*v - 25. Calculate j(24).
-6
Let c(o) = 54*o + 67. Let d(i) = 20*i + 23. Let b(h) = 3*c(h) - 8*d(h). What is b(-10)?
-3
Let l(k) be the first derivative of -k**4/4 + 7*k**3/3 + 3*k**2 + 10*k + 1. Suppose 338*w - 7256 = -384*w - 185*w. What is l(w)?
-6
Suppose -69*v + 5*j = -74*v + 275, 55 = v + 5*j. Let p(a) = 2*a - 3. Let f be p(5). Let b(i) = -54*i - 7 + v*i - f. What is b(9)?
-5
Let k(o) = 25*o + o**3 + 19*o - 13 - 29*o - 15*o**2. Suppose 10*h - 5*h + 17*h = 308. Give k(h).
1
Let y = -2 + -8. Let h = -558 + 562. Let x(g) = -7*g + 6*g**2 - 8*g**2 + g**2 - h*g - 13. Determine x(y).
-3
Let i be 6 - 150/(-54) - (-2)/9. Let j(g) = 6 - 4*g**2 + 10*g**2 - 3*g**2 - 7*g**2 - 7*g**2 + g**3 + i*g. Determine j(10).
-4
Suppose 4*s - 4*m = m + 211, 242 = 5*s + m. Let i = s + -8. Let c = i - 35. Let b(w) = -w**2 + 8*w - 2. Determine b(c).
10
Let d(z) = z**2 + 8*z + 12. Suppose 0 = 118*q + 1525 - 345. Calculate d(q).
32
Let r(b) = 4*b + 38. Let k be r(-11). Let i(m) = m**2 + 5*m - 1. Let w be i(k). Let q(x) = -x - 23 + 2*x + w. Give q(0).
-18
Let y(b) = -b**2 - 6*b + 28. Let i be y(3). Suppose 8*p = 3*p + c + 20, i = 2*p + c. Let z(k) = -2*k - k - 2*k. Give z(p).
-15
Let s(v) be the second derivative of v**7/840 + v**4/24 - v**3/2 - 2*v. Let r(y) be the second derivative of s(y). Suppose 4*n = -22 - 5 + 35. Calculate r(n).
9
Let d(u) = -3*u + 20. Suppose -3*t + 6 = -2*t. Let i be d(t). Let b(j) = 30*j**2 - 14*j**2 - 19*j**i + j. What is b(2)?
-10
Let g(k) = -4*k + 7. Let u = 298 + -292. Let f(m) be the first derivative of -11*m**2/2 + 20*m + 2. Let t(j) = u*f(j) - 17*g(j). Calculate t(-4).
-7
Let z(p) = 8*p + 27. Let j(w) = -9*w - 29. Let i(f) = 6*j(f) + 7*z(f). Let x be i(-9). Let t(g) = -2*g - 3. Calculate t(x).
3
Suppose 29*h - 494 = 10*h. Let y(m) = 8*m - h*m + 1 + 10*m + 14*m. Suppose -5*q - 3*c = 11, -q + 6*q = -4*c - 13. What is y(q)?
-5
Let o(x) = 11*x + 66. Let w(p) = -3*p - 15. Let u(z) = 2*o(z) + 9*w(z). Suppose -3*n + 8*n = -15. Determine u(n).
12
Let r = -48 - -102. Let l = -52 + r. Let p(n) = n**l - 5 + 7 + 0*n**2. Calculate p(3).
11
Let t(s) = s**3 - 40*s**2 + 84*s - 283. Let j be t(38). Let f(w) be the first derivative of -1/3*w**3 - 1/2*w**2 + 6*w + j. What is f(0)?
6
Suppose -4*u = u + 30. Let q(w) = -w**2 - 8*w - 30. Let j(n) = 2*n**2 + 16*n + 74. Let x(v) = 2*j(v) + 5*q(v). Determine x(u).
10
Let z(i) = -i - 2. Let t(k) = 5*k + 12. Suppose -113*s - 5 = -118*s. Let d(g) = s*t(g) + 6*z(g). Calculate d(4).
-4
Let s(i) be the second derivative of i**5/20 - i**4/4 - 7*i**3/6 + 19*i**2/2 + 3858*i. Calculate s(3).
-2
Suppose 112*j = 117*j + 5*b + 35, 3*b = -2*j - 21. Let w(z) be the third derivative of -7/6*z**3 + j + 0*z + 6*z**2 + 1/60*z**5 - 3/8*z**4. Give w(10).
3
Suppose 3*n + 17 = 5*t, 48*n = -2*t + 52*n + 4. Let m(l) be the second derivative of l**4/12 + l**3/2 + 25*l + 3. Calculate m(t).
28
Let a(u) be the first derivative of u**3 + 13*u - 2667. Determine a(5).
88
Let h(i) be the third derivative of 0*i + 1/24*i**4 + 0*i**3 + 0 - 10*i**2. Determine h(-5).
-5
Let m be ((-1)/(-1))/(0 + 3/(-18)). Let v(a) = -6 + 3 - 30 - 7*a. Let b be v(m). Let l(z) = z**2 - 8*z - 13. Calculate l(b).
-4
Let r be (-30)/24*-4*(-3 + 5). Let o(l) = -r*l + 10*l + 16 + 13*l - 12*l. What is o(-11)?
5
Let y(o) = -2*o - 11*o**3 - 4*o - 10*o**2 + 34*o**3 + 13 + 2*o**2 - 24*o**3. Determine y(-7).
6
Let s(k) = 10*k**2 - 10*k - 11. Let p(x) = 18*x**2 - 19*x - 24. Let v(w) = -1. Let t(a) = p(a) - 4*v(a). Let b(d) = 7*s(d) - 4*t(d). Calculate b(5).
-17
Suppose -5*l + 5*w = 0, -40 = 5*l + 6*w - w. Let d be l + -1*((-2 - 0) + 3). Let j(x) = -x - 7. Give j(d).
-2
Let k(l) = -l**2 + 53*l - 166. Let b be k(51). Let o be (-1)/(-2) + 125/2. Let y = o + b. Let v(g) = -5*g - 1. Calculate v(y).
4
Let c(m) = 6*m**2 + m + 1. Suppose 9*s - 31 = 50. Let z(i) = 7*i - 64. Let f be z(s). Give c(f).
6
Let t(h) = 2*h**2 - 4*h - 8. Let w(x) = 40*x - 1605. Let o be w(40). Determine t(o).
62
Let g(s) = -s + 5. Let q = -109 + -11. Let w be (q/(-75))/((-1)/5). Determine g(w).
13
Let w be (-194)/14 + -12 + -10*(-76)/70. Let n(h) = -h**2 - 15*h - 19. Calculate n(w).
-19
Let d(k) = -14*k + 13. Let b = 65 + -60. Let o(q) = -11*q + 12. Let t(s) = b*o(s) - 4*d(s). What is t(-10)?
-2
Let n(o) = 225*o + 600. Let h(j) = -28*j - 75. Let s(g) = 25*h(g) + 3*n(g). Let a be s(-3). Let p(u) = u**3 - u + 6. Determine p(a).
6
Let x(w) = 16*w**3 - 41*w**2 - 1